-120).
-116
Calculate 2648 + -2705 + -1 + -1.
-59
What is the value of -56 - ((96 - 51) + -44)?
-57
Evaluate (0 - -197) + (-3239 - -3119).
77
What is 4 + (119 - 42 - 43 - 35)?
3
What is the value of -22 - -18 - (-53 - -18)?
31
What is the value of ((-7 - 21) + 11 - 53) + (14 - 13)?
-69
Evaluate 33 + (57 - 120) - 41.
-71
Calculate (0 + -27 - 8) + -2.
-37
What is the value of (47 - 24) + -26 + 11 + -72?
-64
6 + (-5 - (1 - 7) - (-40 + 35))
12
What is the value of -59 + (73 - 31) + 93?
76
-22 + 3 - (13 + (-4 - (2 - 6)))
-32
Evaluate 29 + -146 + 24 + 153.
60
What is (22 - ((12 - 10) + 6)) + 5?
19
What is (8 - 4) + -21 - (9 + (25 - 23))?
-28
Evaluate 44 + (4 - (-40 - -99)).
-11
What is (8 - -7 - -1) + 31 + 24?
71
33 - 95 - -29 - -9
-24
(7 - 15) + (-7 - (5 - (7 - -10))) - 93
-96
Calculate 3 - (-41 - -4) - (-368 - -407).
1
Evaluate 20 - (-14 + (-15 - -21) + 5).
23
What is the value of 1 + -1 + 27 + (-18 - 63) + 36?
-18
Evaluate -74 + (24 - (-57 + 16)).
-9
Calculate 68 + (-57 - -35) - 41.
5
Evaluate 6 + (-8 - -1 - (-1 - 19 - (34 - 38))).
15
What is -18 - -1 - (30 + (-42 - -31))?
-36
-23 - (0 + -17 + 17 + 8 + -78)
47
What is the value of -13 + 99 + -77 + (-40 - -88)?
57
Calculate 6 + (4 - (-41 + 55) - (0 - -84)).
-88
Evaluate (-561 - -537) + -2 + -62 + 24.
-64
Evaluate 24 + -12 - ((0 - 7) + 45) - (0 - 6).
-20
Calculate (-41 - -76 - 15) + (18 - 2).
36
What is the value of (179 - 173) + (0 - -28 - (-16 + 15))?
35
Evaluate (-36 - (15 + -78 + 15)) + (-87 - (-3 + 4)).
-76
-75 + 15 - 1 - (-21 - -6)
-46
Calculate 19 - (0 + (-11 - -19)) - (-1 - -52).
-40
Calculate (1 - (33 + 6)) + (-83 - -68) - 19.
-72
Calculate -33 - -93 - ((-10 + 8 + -2 - 6) + 8).
62
What is -189 + (-84 - -244 - 47)?
-76
What is the value of 0 + (-32 - 10) + -28 - (9 + 0)?
-79
(-13 - (-36 - -14 - (-8 - 5))) + -22
-26
Calculate (-20 - (41 - 20)) + -7 - (0 - 3 - -1).
-46
What is -101 + 128 - (-6 - ((20 - 5) + -5))?
43
1 + (7 - 20) - (-8 - (3 + -24))
-25
Evaluate -35 - 1 - (104 + -109).
-31
Calculate 73 - 87 - (9 + 43).
-66
Calculate -45 - (20 - (6 + -3 - (-9 - 1))).
-52
What is -26 - ((2 - -6) + -24 - -19)?
-29
40 - (-15 + 97 - 20)
-22
What is the value of 3 + -4 - -2 - -54 - (-195 - -181)?
69
What is the value of 1 - (-7 + 0) - (28 - (55 + -25))?
10
What is the value of -28682 + 28649 - (-2 + (1 - -1) + -14)?
-19
What is the value of 13 + 4 + -2 - (-525 - -462)?
78
What is the value of (-1 + -22 - -3) + (-134 - -154)?
0
Evaluate (-6 + 37 - (-3 - -10)) + 3 + -2.
25
4 + (12 - (-10 + 11 + 16 + -9))
8
Evaluate (7 - 0) + (-107 - (-143 + 41)).
2
-7 + -11 + 6 + -2 - (-113 + 193)
-94
Calculate 146 + -326 - -129 - -83.
32
What is (9 + 10 + (-5 - 4) - 25) + 13?
-2
What is -17 - (-23 - (10 - 13)) - (2 - 2) - -45?
48
What is 0 + -6 + (-26 - 25 - -49)?
-8
Evaluate (-54 - (-105 + 40)) + -10 + 1.
2
(-8 - -11) + 6 - (-5 + (-5 - -2) + 110)
-93
-52 - (28 + 51 + -101)
-30
(27 + 1 - 1) + (-130 - -126) + -3 + -3
17
-3 + -45 + (-15 + 16 - -23) + -21
-45
What is 54 + 53 - ((-10 - (-4 - 19)) + -25)?
119
Calculate -8 - -94 - (-163 - -252).
-3
What is -10 - (-17 + -6 - 9) - (-3 + 10)?
15
Evaluate 112 - 113 - (11 - ((-7 - -3) + 5)).
-11
Evaluate -24 - (6 - (-1 - -23)) - (-11 + (3 - 8)).
8
What is -92 + (-2 - -28) + (18 - -6)?
-42
Calculate -6 + 75 + -61 + (33 - 1).
40
(-116 - (-87 - 5)) + 12 + 0
-12
Calculate 14 + -106 + -5 + -18 + (15 - -11).
-89
Calculate -68 - ((6 - 3 - 4) + (17 - 29)).
-55
-59 - 7 - -47 - (2 + 12)
-33
What is the value of -36 - -2 - 6 - 17?
-57
What is -145 - -138 - (11 + (14 - 2))?
-30
Calculate (2 - (2 - (1 - 23))) + 15.
-7
-56 + 54 + -15 + 44
27
22 + (1 - -1) - (60 + -58 - -10)
12
Evaluate 47 - (-18 + 38) - (1 - 3).
29
Evaluate -13 - ((28 - 24) + (1 - -5) + -9) - -12.
-2
What is the value of -7 + -9 - (16 + -2 + -9)?
-21
What is the value of (12 - (7 + -27) - 75) + 1 + 1?
-41
Calculate (-12 - (-5 + 0)) + (-15 + -34 - -14).
-42
Evaluate -225 + 237 - (6 + (-2 - (-1 - 58))).
-51
What is (-11564 - -11553) + (-2 - -84) + -1 + 2?
72
Calculate (-12 - -23) + -14 + -12 - 66.
-81
What is the value of 8 - -21 - 49 - -19 - (0 - (0 - -47))?
46
What is the value of -18 + 4 + (61 - (-15 + 11)) + 0?
51
Evaluate (-7 + 93 - 105) + (-2 - (-29 + -1)).
9
Evaluate -3 + 7 + (0 - (27 + 5)).
-28
Calculate 0 - ((6 - -7) + (49 - 102)).
40
What is the value of 5 + 0 + -47 + (-28 - -21 - -44) + -19?
-24
What is the value of 22 - 14 - (0 + (-6 - (12 + 6)))?
32
Evaluate (-3 - -3) + (-1 - 7) + -13 + 14 + 20.
13
13 - 26 - (-28 - -2 - 41)
54
Evaluate -106 + (9 - -39) - -100.
42
Evaluate -21 + 21 - 0 - (8 - 12 - (2 - 0)).
6
Evaluate (-450 - -419) + (-9 - -3) + (-2 - -2).
-37
What is the value of -5 - (-1 - -1 - -69 - (6 + (9 - 5)))?
-64
Evaluate -59 + -108 + 190 - 76.
-53
(121 - 59) + 47 + 5 + 19 + -8
125
(15 - (-62 - -33)) + 17 + 38
99
What is -106 + 21 + 2 + 193?
110
Calculate -3 + -14 + (86 - 1).
68
18 - (-43 + 62) - (-11 - (1 + 0))
11
What is -21 + (-16 - -28) + (1 - -7 - 33)?
-34
What is -9 - (-15 - (-5 + -8)) - (-6 - (-6 + -30))?
-37
Evaluate -46 + (26 - 31) - (6 - (10 - 11)).
-58
Evaluate -2 + -4 + 164 + -135.
23
What is (232 - 307) + -3 + (-4 - -36)?
-46
What is the value of 72 + (-77 - (-58 - -2))?
51
What is (-17 - 2) + (-2 - -25) + -69?
-65
What is 36 - (-1 + (-27 - (-24 - 2) - (-4 - -3)))?
37
What is 0 - (19 - (-78 - ((-12 - -20) + -23)))?
-82
What is the value of -12 + 35 - (-9 - (-6 - 0))?
26
(39 - 3) + -24 + -5 + 14
21
What is the value of (-37 - -39) + (1 - 0 - 98 - -9) + -3?
-89
Calculate (0 - (12 + (-14 - 6))) + -4 + (22 - 2).
24
Evaluate (66 - 32 - 63) + 40.
11
Calculate -13 + (-27 - 14) + 11 + 7.
-36
What is 24 - ((123 - 2 - 106) + (0 - 1))?
10
What is -3 + (149 - 137) + -15 + 99 + (1 - 6)?
88
What is 33 + (1 - 10) + (16 - -10)?
50
What is 47 - (-46 + 0 - -130)?
-37
What is -40 + (40 - -10) + -27?
-17
1110 - 1186 - (-4 + -82) - (159 + -1)
-148
Evaluate -16 - (-6 + (9 - -1) + -13 + 29 + 0).
-36
Calculate (107 - (104 - -13)) + 99 + -2.
87
What is 7 + (-34 - (15 + 0 + -13))?
-29
Evaluate 15 + -5 + -2 - (50 - (-10 - (-4 + 4))).
-52
11 - (99 + (-5 - 5 - 11))
-67
What is the value of 113 - (-104 + -25 + 223)?
19
Calculate -22 + 12 + -5 + (8 - 3) + -29.
-39
What is the value of (207 - 284 - (-1 - -7)) + -35?
-118
What is -35 + (-1 - 1) - (-16 + 76 + -46)?
-51
-127 - 92 - -140 - -145
66
85 + -225 + (126 - 47)
-61
Calculate (84 - 56) + -143 - -147.
32
What is 33 - (48 + -48 + 33)?
0
1 + -14 - ((14 - 25) + -20 + -13)
31
Calculate (2 - 123) + (-9 - 2) + 29.
-103
What is the value of -83 + 172 - (27 + -66)?
128
What is the value of 0 + -82 - (7844 + -7909)?
-17
Evaluate -1533 - -1551 - (20 + (2 - -1) + -5).
0
Evaluate 23 - 27 - (-29 - -5) - 59.
-39
Evaluate -1 - -48 - ((46 - 28) + -31).
60
Evaluate 15 + (15 - 13) + 0 + -27 + -119.
-129
Evaluate -12 + -64 + (-62 - -148) + 1 + 3 + -1.
13
What is the value of -8 + (-2 - -2) - (-2 + -85 - (49 + -2))?
126
What is the value of -93 - (-131 + 66 + 17)?
-45
Evaluate -173 + 115 + -14 - (1 - -24).
-97
What is the value of -4 + 4 + -26 + 8 + (-5 - (11 - 26))?
-8
Calculate -6 - (5 + -10 + 114 - (-2 - 6) - 14).
-109
(-58 - -149) + -111 - (2 - -7)
-29
What is 26 + (-23 - (0 + 1 + (128 - 138)))?
12
What is -106 + 6 + -22 + 12 + 26 - -12?
-72
(-55 - (-5 - -2)) + (58 - 61) + -6
-61
Evaluate 139 + (-49 - (-25 + -1 - -12) - -20).
124
Evaluate (-15 - -14) + 0 - 69 - (-7 - 7).
-56
Calculate (-28 - -3) + -106 - (-14 + -13 + 11).
-115
What is -46 + 90 + (-161 - -84)?
-33
What is the value of (16 - 26 - -25) + (43 - 98)?
-40
Calculate -9 - (-1 + (-4 - (1 + -2))) - -7.
2
What is the value of (21 - 1) + 116 + -122 + 5?
19
-40 + -14 + (49 - 26)
-31
75 + -84 + 27 + -2 + -7 - (7 - -2)
0
What is 33 + (-63 - -103) + -3?
70
Evaluate 31 - (17 + 20 + -38).
32
What is (-15 - -33 - 3) + -20 + 138?
133
What is the value of 67 + -3 + -3 + (17 + -53 - -24)?
49
Calculate -42 + 66 + (-71 - -51) - (-1 - -1).
4
Calculate (-14 - -7 - -30) + (-53 - -57).
27
What is the value of 155 - (124 - (115 - 47))?
99
What is (8 + (-1 - (-14 - -16)) - -4 - 5) + -19?
-15
(2 - (-56 + 52)) + -6 + 2
2
(-29 - 45 - -48) + 12
-14
Evaluate 15 - (68 + (19 - (-5 + 35))).
-42
Evaluate (-10 - (150 + -75)) + 78.
-7
What is the value of 74 + -32 + -20 + -32?
-10
Calculate 17 + 201 + -70 + -78.
70
Evaluate (-9 + (5 - 5) - 2) + (114 - 58).
